 = 19 + -15. Suppose -4*a = 5*k + 72, -a - 7 - 11 = z*k. Let l = a + 22. What is the highest common divisor of 44 and l?
4
Let g(r) = -2*r - 12. Let k be g(-7). Suppose 0 = o - 16 + k. Calculate the highest common divisor of 7 and o.
7
Let m(y) = -3*y + 7*y + y**2 - 11*y + 18 + 0*y**2. Let a be m(6). What is the greatest common factor of a and 132?
12
Let j = 77 + -77. Suppose j = 7*a - 18*a + 165. Calculate the greatest common divisor of a and 120.
15
Suppose 785 + 295 = 4*x. Calculate the greatest common factor of x and 189.
27
Suppose 19*v = 18*v + 43. Calculate the greatest common divisor of v and 817.
43
Suppose -78 = y + 7*n - 219, -2*n - 853 = -5*y. What is the highest common factor of 13 and y?
13
Suppose 4*u + 12 = 0, -5*n + 52 = -0*n - 4*u. Suppose -n*t + 149 = -91. What is the greatest common divisor of t and 150?
30
Suppose 8*a + 71 = 255. What is the highest common factor of a and 1219?
23
Suppose 12*g = -68*g + 7520. What is the highest common divisor of g and 141?
47
Let r(d) = -d**2 + 17*d - 7. Let x be r(9). Suppose 0*w - 3*w + 174 = 0. Let c = 84 - w. What is the greatest common factor of c and x?
13
Let s(k) = 4*k - 47. Let f be s(7). Let y(z) = -13*z - 79. Let g be y(f). What is the greatest common factor of g and 24?
24
Let a be 6/(-4) + 9/(-6). Let k be (-170)/(-20) + a/(-2). Calculate the highest common factor of 25 and k.
5
Suppose -2*k + 3*h = -147, -3*h = -k + 67 + 8. Suppose -3*j = -j - k. Calculate the greatest common divisor of 12 and j.
12
Let k(s) = -s**2 - 4*s - 2. Let z be k(-3). Suppose -2*n = z - 7. Suppose -13 = 2*q + n*f, 3*f + 10 + 8 = 3*q. What is the greatest common divisor of 3 and q?
1
Suppose 101 = 5*n - 299. Calculate the highest common divisor of n and 384.
16
Suppose 0 = -5*z + 3184 - 284. Calculate the greatest common divisor of z and 20.
20
Let r be 100*(49/5 + -9). Calculate the greatest common factor of r and 50.
10
Let q be ((-1)/3)/(14/42) + 2. Let j be 3 - (q + -1)*6/12. Calculate the greatest common factor of j and 33.
3
Let t be ((-372)/(-8))/(2/8). Calculate the greatest common factor of 6 and t.
6
Suppose 8 + 10 = 9*d. Suppose k = 50 + 66. Suppose d*t - 45 = -5*f, 5*t - f + 17 = k. What is the highest common factor of 50 and t?
10
Suppose -5*z = -40 - 370. Let w(j) = 21*j - 3. Let m be w(6). Calculate the highest common factor of m and z.
41
Let b be (-2)/(-9) - (-58)/(-18). Let l = b + 8. Let q(r) = 3*r + 14. Let t be q(7). Calculate the greatest common factor of t and l.
5
Suppose -2*g + 4*v = -166, -171 = -3*g + 3*v + 81. Let j(h) = -h**3 + 37*h**2 - 38*h + 77. Let q be j(36). What is the greatest common divisor of q and g?
5
Let v(n) be the third derivative of 3/4*n**4 - 1/2*n**3 + 3*n**2 + 0*n + 0. Let q be v(1). What is the highest common divisor of 165 and q?
15
Suppose 10*f - 254 = 46. What is the greatest common divisor of 570 and f?
30
Let l = 7 - 4. Suppose -4*m + m - o + 2 = 0, 0 = -2*o + 4. Suppose m = 3*x + l*x - 120. Calculate the highest common divisor of 10 and x.
10
Let z be (-1)/(-6) + (-3650)/(-60). Suppose -7 = 3*d - z. Suppose 0 = -b - 4*t - 2, -b + 2*t = t - d. Calculate the highest common factor of b and 98.
14
Let f be (7/4)/(-8*(-14)/40320). What is the highest common divisor of 15 and f?
15
Let k(m) = 3*m**2 - 3*m + 99. Let l be k(9). What is the greatest common factor of l and 18?
9
Let p = 937 - 385. Calculate the greatest common divisor of 12 and p.
12
Let n be (-13)/(-1)*10/20*54. Calculate the greatest common divisor of 26 and n.
13
Let m be (-2)/(-4) - (-191)/2. Let h(n) = -5*n - 5. Let z be h(-2). Suppose 29 = 2*s + z. What is the highest common divisor of m and s?
12
Let t = -883 + 895. What is the greatest common divisor of 324 and t?
12
Let d = -27 - -29. Suppose 41 = d*b - 31. What is the greatest common divisor of b and 18?
18
Let s be (-10)/(770/(-5019)) + (-2)/11. Suppose -4*q = -9*q + 65. Calculate the greatest common divisor of s and q.
13
Let x = -78 - -98. Let v(d) be the second derivative of d**3/6 - 2*d**2 - 3*d. Let r be v(x). What is the highest common factor of 4 and r?
4
Let p be 190/4*(-24)/(-60). Suppose 136 = -15*z + p*z. Calculate the highest common divisor of 85 and z.
17
Let k be ((-169)/26)/((-1)/(-18)). Let t = -92 - k. What is the greatest common divisor of 10 and t?
5
Let d be 4/2 - 2 - -21. Let v = 23 - d. Let j(n) = n + 4. Let s be j(-3). Calculate the greatest common factor of v and s.
1
Suppose 3*r + 36 = 7*r. Let q(l) = 2*l + 23. Let m = 34 - 45. Let v be q(m). What is the greatest common factor of r and v?
1
Let s = -1591 + 1603. Calculate the greatest common factor of s and 264.
12
Let a = -529 - -688. What is the greatest common divisor of 106 and a?
53
Suppose 2*t - 184 = 86. Calculate the greatest common factor of 1170 and t.
45
Suppose 2*i - i + 149 = 0. Suppose 3*m + 824 = 4*l, -2*l - 4*m + 45 = -389. Let x = i + l. Calculate the highest common divisor of x and 12.
12
Let v be 44 + 2 + 360/60. What is the greatest common divisor of 4 and v?
4
Suppose -4*g + 5*k + 822 = 0, 4*k - 2*k = 3*g - 613. Let q(u) = -u**2 - 77*u + 709. Let c be q(-85). Calculate the greatest common factor of g and c.
29
Let f = -2295 + 2315. Suppose 0 = c - 5*a - 20, -3*c - 2*c = a - 100. What is the highest common divisor of f and c?
20
Let x(a) = -a. Let i(c) = 10*c - 1. Let v(y) = -2*i(y) - 18*x(y). Suppose -5*m - 4 = 26. Let s be v(m). Calculate the greatest common factor of 35 and s.
7
Suppose 3*n - 30 = -3*v + 6*n, 0 = 3*v + 4*n - 37. What is the greatest common divisor of 44 and v?
11
Let u(i) = -21*i + 1. Let y be u(5). Let v = y - -120. Calculate the greatest common factor of v and 80.
16
Suppose -6*f = -f - 4*n + 1, 2*f = 2*n - 2. Let z be (11 + -2)/f + -3. Suppose 0 = -z*v + 2*v - 22. Calculate the highest common factor of 88 and v.
11
Let x(c) = -54*c - 811. Let y be x(-25). Calculate the highest common divisor of y and 55.
11
Let q(f) = f**3 + 19*f**2 - 11*f + 19. Let b be q(-13). Calculate the greatest common divisor of 84 and b.
84
Suppose 2*g + 2*j = -22 - 20, -2*g + 4*j = 72. Let b be (-1 - g)*(-2 + 3). Calculate the greatest common factor of 125 and b.
25
Let o(y) = -3*y**3 + 2*y**2 - y - 2. Let t be o(-1). Suppose 3*q + 12 + 23 = 5*x, t*q = x + 10. Let f = 144 - 64. What is the greatest common factor of f and x?
10
Suppose 24*q - 20*q - 136 = 0. Suppose 0 = p - q + 9. What is the highest common divisor of p and 200?
25
Let k be 1 + -4 + 292*11/22. What is the highest common factor of k and 11?
11
Suppose b - 1 = -0*b. Suppose 0*k + 2*k - 200 = -5*a, 18 = a - 4*k. Let i = a + -37. What is the greatest common factor of b and i?
1
Suppose -175 = -31*j + 30*j. Calculate the highest common factor of j and 25.
25
Let i be (-16)/(-10) - 4/(-10). Suppose i*p - 93 = 7. Let t(v) = v**3 - 8*v**2 - 10*v + 14. Let x be t(9). Calculate the highest common factor of p and x.
5
Let g = -735 + 801. Calculate the greatest common divisor of 22 and g.
22
Let g(v) = -46*v + 2. Let b be g(-3). Let r(d) = d**2 + 2*d + 8. Let y be r(-3). Let z = 9 + y. Calculate the highest common divisor of b and z.
20
Let i(z) = -435*z - 31. Let x be i(-1). Calculate the highest common factor of x and 101.
101
Let v(h) = 163*h**2 - 2*h - 4. Let q be v(-1). Calculate the highest common divisor of 69 and q.
23
Suppose -5*j - 25 = -10*j. Suppose 61 = j*n + 6. Let o(q) = q - 3. Let l be o(n). Calculate the highest common factor of l and 8.
8
Let c(r) = -r**3 + 20*r**2 + 21*r + 42. Let f be c(21). Calculate the greatest common divisor of f and 6.
6
Suppose -2*v = 3*v + 2*h - 11, -2*v + 10 = -2*h. Suppose -4*r = -2*z + 16, z - v*z + 16 = 3*r. What is the greatest common divisor of z and 8?
8
Suppose 89 = 7*n + 61. What is the greatest common divisor of n and 4?
4
Suppose 2*o - 6 = -4*v, 1 = -v - 4*o - 1. Let l be ((-7*v)/(-2))/((-14)/(-70)). What is the highest common divisor of l and 14?
7
Suppose 5*b - 5*x + 314 = 909, 4*x = 0. Suppose 6 = -5*u - 9. Let i = u + 20. What is the highest common factor of b and i?
17
Let q = -152 + 272. Suppose n - 10 - 5 = 0. Calculate the highest common divisor of q and n.
15
Let y be (8 + -44)/((-3)/(18/3)). Suppose 4*q + 17 = 5*z - 73, 3*z = -4*q + 54. What is the highest common divisor of z and y?
18
Let g(s) = -s**3 - 5*s**2 - 